{"id":152,"date":"2018-02-10T09:18:48","date_gmt":"2018-02-10T08:18:48","guid":{"rendered":"http:\/\/www.lagob.fr\/?page_id=152"},"modified":"2024-02-13T22:34:42","modified_gmt":"2024-02-13T21:34:42","slug":"lasso","status":"publish","type":"page","link":"https:\/\/www.lagob.fr\/?page_id=152","title":{"rendered":"l&rsquo;Asso"},"content":{"rendered":"<p>L&rsquo;association \u00ab\u00a0La Gob\u00a0\u00bb a pour but d&rsquo;animer et de g\u00e9rer le tiers-lieu du m\u00eame nom, vous pouvez voir les <a href=\"https:\/\/www.lagob.fr\/wp-content\/uploads\/2022\/11\/Statuts-2022.pdf\">Statuts<\/a>, les <a href=\"https:\/\/www.lagob.fr\/wp-content\/uploads\/2024\/02\/Regles-Communes-2023.pdf\">R\u00e8gles Communes<\/a> et la <a href=\"https:\/\/www.lagob.fr\/wp-content\/uploads\/2022\/11\/Charte-2022.pdf\">Charte.<\/a><\/p>\n<p>Le <a href=\"https:\/\/www.lagob.fr\/wp-content\/uploads\/2022\/11\/Bail-Civil-SCI-La-Gob.pdf\">bail civil<\/a> entre la SCI et La Gob est \u00e9galement disponible.<\/p>\n<p>Elle est compos\u00e9e de diff\u00e9rentes instances : le <a href=\"https:\/\/www.lagob.fr\/?page_id=156\">Conseil d&rsquo;Administration<\/a>, compos\u00e9 d&rsquo;au moins 5 personnes \u00e9lues lors de l&rsquo;AG plus un tiers de ces \u00e9lues tir\u00e9\u00b7e\u00b7s au sort et des Commissions qui pr\u00e9parent les projets et appliquent les d\u00e9cisions du CA.<\/p>\n<p>Pour assister le CA (Conseil d&rsquo;Administration) dans ses orientations et prises de d\u00e9cision, il y a diff\u00e9rents groupes de travail o\u00f9 tout adh\u00e9rent\u00b7e peut :<\/p>\n<ul>\n<li>demander \u00e0 recevoir les comptes-rendus pour suivre une Commission : contacter le r\u00e9f\u00e9rent CA ou sur contact@lagob.fr<\/li>\n<li>assister aux Commissions : les dates figurent sur les comptes-rendus ou sur <a href=\"https:\/\/framagenda.org\/index.php\/apps\/calendar\/p\/B8X5F6Zbtx49xziZ-n4HFCkBQAD2755XD-6sc3eqA4psLzsJgE-qYXFw99qC6cxFWFF-wxQdWL9n9mDFwxxx\/dayGridMonth\/now\">l&rsquo;agenda<\/a><\/li>\n<li>s&rsquo;investir chacun selon ses moyens : toute aide est la bienvenue<\/li>\n<\/ul>\n<p>Voici les diff\u00e9rentes Commissions :<\/p>\n<p class=\"western\"><span style=\"font-family: Helvetica, sans-serif;\"><b>Communication<\/b><\/span><\/p>\n<p>Proposer des outils et des modes de communication tant en interne qu&rsquo;en externe de l&rsquo;association.<\/p>\n<p class=\"western\"><span style=\"font-family: Helvetica, sans-serif;\"><b>Convivialit\u00e9<br \/>\n<\/b><\/span><\/p>\n<p>Poser les conditions d&rsquo;une bonne convivialit\u00e9 dans les lieux et y concourir, proposer et animer :<br \/>\n&#8211; convivialit\u00e9 entre les occupants locataires ou de passage<br \/>\n&#8211; convivialit\u00e9 g\u00e9n\u00e9rale dans le lieu, ouvert sur l&rsquo;ext\u00e9rieur<\/p>\n<p class=\"western\"><span style=\"font-family: Helvetica, sans-serif;\"><b>D\u00e9veloppement &amp; Travaux<br \/>\n<\/b><\/span><\/p>\n<p>D\u00e9velopper des projets nouveaux ou existants, en\u00a0concordance avec le projet g\u00e9n\u00e9ral de la Gob et le projet de d\u00e9veloppement du lieu.<\/p>\n<p><strong>Gouvernance<\/strong><\/p>\n<p>Mener une r\u00e9flexion sur la gouvernance au sein de notre association.<\/p>\n<p><strong>Petits papiers<\/strong><\/p>\n<p>Gestion administrative de l&rsquo;association.<\/p>\n<p style=\"text-align: right;\">\n","protected":false},"excerpt":{"rendered":"<p>L&rsquo;association \u00ab\u00a0La Gob\u00a0\u00bb a pour but d&rsquo;animer et de g\u00e9rer le tiers-lieu du m\u00eame nom, vous pouvez voir les Statuts, les R\u00e8gles Communes et la Charte. Le bail civil entre la SCI et La Gob est \u00e9galement disponible. Elle est compos\u00e9e de diff\u00e9rentes instances : le Conseil d&rsquo;Administration, compos\u00e9 d&rsquo;au moins 5 personnes \u00e9lues lors &hellip; <\/p>\n<p class=\"link-more\"><a href=\"https:\/\/www.lagob.fr\/?page_id=152\" class=\"more-link\">Continuer la lecture<span class=\"screen-reader-text\"> de &laquo;&nbsp;l&rsquo;Asso&nbsp;&raquo;<\/span><\/a><\/p>\n","protected":false},"author":1,"featured_media":0,"parent":0,"menu_order":0,"comment_status":"closed","ping_status":"closed","template":"","meta":{"footnotes":""},"_links":{"self":[{"href":"https:\/\/www.lagob.fr\/index.php?rest_route=\/wp\/v2\/pages\/152"}],"collection":[{"href":"https:\/\/www.lagob.fr\/index.php?rest_route=\/wp\/v2\/pages"}],"about":[{"href":"https:\/\/www.lagob.fr\/index.php?rest_route=\/wp\/v2\/types\/page"}],"author":[{"embeddable":true,"href":"https:\/\/www.lagob.fr\/index.php?rest_route=\/wp\/v2\/users\/1"}],"replies":[{"embeddable":true,"href":"https:\/\/www.lagob.fr\/index.php?rest_route=%2Fwp%2Fv2%2Fcomments&post=152"}],"version-history":[{"count":59,"href":"https:\/\/www.lagob.fr\/index.php?rest_route=\/wp\/v2\/pages\/152\/revisions"}],"predecessor-version":[{"id":1112,"href":"https:\/\/www.lagob.fr\/index.php?rest_route=\/wp\/v2\/pages\/152\/revisions\/1112"}],"wp:attachment":[{"href":"https:\/\/www.lagob.fr\/index.php?rest_route=%2Fwp%2Fv2%2Fmedia&parent=152"}],"curies":[{"name":"wp","href":"https:\/\/api.w.org\/{rel}","templated":true}]}}